st common factor of 499103 and 561.
187
What is the greatest common factor of 139 and 77?
1
What is the highest common factor of 36719 and 1387?
73
Calculate the highest common factor of 22 and 443542.
22
Calculate the greatest common divisor of 15893 and 46.
23
What is the highest common divisor of 32 and 120976?
16
What is the highest common factor of 132970 and 810?
10
Calculate the highest common factor of 3872 and 55712.
32
What is the greatest common factor of 172056 and 96?
24
Calculate the highest common divisor of 100217 and 26.
13
What is the highest common factor of 8109 and 3551?
53
Calculate the highest common divisor of 207405 and 165.
165
Calculate the highest common factor of 735180 and 60.
60
What is the greatest common divisor of 54 and 30534?
6
Calculate the highest common divisor of 17 and 5069.
1
Calculate the highest common factor of 386222 and 58.
58
Calculate the highest common factor of 3707 and 96719.
337
What is the highest common factor of 221 and 442663?
221
Calculate the greatest common factor of 246 and 618.
6
What is the highest common factor of 10750 and 2?
2
What is the greatest common divisor of 4091450 and 1892?
946
What is the greatest common factor of 9553 and 574?
41
What is the highest common factor of 931 and 8645?
133
What is the greatest common factor of 2461 and 33491?
107
Calculate the greatest common divisor of 1844 and 561037.
461
Calculate the highest common divisor of 205595 and 260.
65
Calculate the highest common factor of 15557 and 33431.
331
Calculate the greatest common divisor of 2839186 and 42.
14
What is the greatest common factor of 3204 and 36?
36
What is the greatest common divisor of 5094299 and 133?
133
Calculate the greatest common factor of 9 and 53732.
1
Calculate the greatest common divisor of 82060 and 220.
220
Calculate the highest common divisor of 53070 and 580.
290
Calculate the highest common factor of 21 and 33222.
21
Calculate the highest common factor of 3772 and 3157.
41
Calculate the highest common factor of 3315 and 9690.
255
Calculate the greatest common divisor of 105126 and 42.
42
Calculate the greatest common divisor of 27 and 306639.
27
Calculate the highest common divisor of 902 and 6806.
82
What is the highest common divisor of 94052 and 56?
28
What is the highest common divisor of 243 and 20871?
27
Calculate the highest common divisor of 32 and 28256.
32
Calculate the highest common factor of 1177 and 6248.
11
Calculate the greatest common divisor of 39848 and 170.
34
Calculate the greatest common factor of 22 and 382008.
22
Calculate the highest common divisor of 52 and 293592.
52
What is the highest common factor of 12 and 30948?
12
What is the highest common factor of 454583 and 233?
233
Calculate the highest common factor of 36337 and 203.
203
What is the greatest common factor of 25308 and 96?
12
What is the greatest common divisor of 19592 and 186?
62
What is the greatest common divisor of 36 and 80928?
36
Calculate the highest common divisor of 140 and 7308.
28
What is the greatest common factor of 412 and 40891?
103
What is the greatest common divisor of 3822 and 27783?
147
Calculate the greatest common factor of 508450 and 75.
25
What is the greatest common divisor of 39 and 723?
3
Calculate the greatest common divisor of 5882 and 6868.
34
What is the greatest common divisor of 3 and 2503?
1
What is the highest common divisor of 258 and 12255?
129
What is the highest common factor of 171 and 2432?
19
Calculate the highest common divisor of 48 and 256704.
48
What is the greatest common divisor of 120340 and 15?
5
Calculate the highest common factor of 8610 and 2030.
70
What is the greatest common factor of 67 and 1384421?
67
Calculate the greatest common divisor of 497 and 105293.
71
What is the greatest common factor of 92055 and 1290?
15
Calculate the greatest common factor of 216 and 45072.
72
Calculate the greatest common factor of 1617 and 3360.
21
What is the greatest common divisor of 9711 and 9047?
83
Calculate the greatest common factor of 210018 and 79866.
2958
Calculate the greatest common divisor of 60480 and 258930.
1890
What is the greatest common factor of 70 and 200172?
14
What is the highest common divisor of 63440 and 64?
16
Calculate the highest common divisor of 3289 and 246169.
253
What is the highest common factor of 568 and 64894?
142
Calculate the highest common factor of 84 and 290856.
12
What is the highest common divisor of 8320368 and 336?
336
Calculate the greatest common divisor of 19482 and 272.
34
Calculate the greatest common factor of 227000 and 2500.
500
Calculate the greatest common divisor of 9009153 and 9.
9
What is the highest common divisor of 216 and 218700?
108
What is the greatest common divisor of 1144 and 122564?
52
What is the greatest common factor of 66 and 453794?
22
What is the greatest common divisor of 310638 and 5658?
138
Calculate the highest common divisor of 82488 and 17304.
168
What is the greatest common divisor of 19890 and 127530?
1170
Calculate the highest common divisor of 22270 and 20.
10
Calculate the greatest common divisor of 507 and 273.
39
What is the greatest common factor of 978836 and 4?
4
Calculate the highest common factor of 66833 and 291.
97
Calculate the highest common divisor of 3498 and 132341.
583
What is the highest common factor of 138 and 6075105?
69
What is the greatest common divisor of 58278 and 72?
6
Calculate the highest common divisor of 20454 and 966.
42
What is the highest common divisor of 30046 and 1810?
362
Calculate the highest common factor of 263 and 776639.
263
What is the highest common divisor of 60137 and 1331?
121
Calculate the highest common divisor of 52897 and 1014.
169
What is the greatest common factor of 45443 and 58?
29
Calculate the highest common divisor of 128556 and 45.
9
What is the greatest common divisor of 5994 and 147186?
666
Calculate the greatest common divisor of 360 and 1098.
18
What is the highest common factor of 31257 and 828?
207
What is the highest common factor of 26685 and 27?
9
Calculate the greatest common factor of 347029 and 671.
61
Calculate the highest common factor of 93792 and 288.
96
What is the highest common factor of 162720 and 150?
30
Calculate the highest common divisor of 24372 and 49421.
677
Calculate the greatest common factor of 5024696 and 668.
668
Calculate the greatest common divisor of 5220 and 7250.
290
What is the highest common divisor of 3795 and 360?
15
Calculate the greatest common factor of 1556 and 192.
4
What is the highest common factor of 5875 and 7375?
125
What is the highest common divisor of 12059 and 372?
31
What is the highest common divisor of 1350 and 39960?
270
What is the greatest common factor of 315 and 374472?
63
What is the greatest common factor of 2356 and 44?
4
Calculate the greatest common divisor of 32148 and 646.
38
Calculate the greatest common factor of 122 and 5429.
61
What is the greatest common divisor of 28717 and 47?
47
What is the greatest common divisor of 64 and 2127584?
32
What is the greatest common factor of 4 and 33772?
4
Calculate the highest common factor of 271547 and 10341.
383
What is the highest common factor of 27683 and 43193?
47
What is the greatest common factor of 2592 and 1539?
81
Calculate the greatest common divisor of 11046 and 2751.
21
Calculate the highest common factor of 3916033 and 1353.
451
What is the greatest common factor of 14399 and 748?
187
Calculate the greatest common factor of 189344 and 62464.
1952
Calculate the highest common factor of 412 and 186533.
103
What is the greatest common divisor of 155 and 181381?
31
What is the greatest common divisor of 153784 and 10634?
818
Calculate the greatest common factor of 5363 and 3979.
173
Calculate the greatest common factor of 1890 and 21280.
70
Calculate the highest common divisor of 144 and 597264.
48
Calculate the greatest common factor of 112693 and 119.
119
Calculate the greatest common divisor of 9401 and 1904.
119
What is the highest common divisor of 4776 and 96?
24
What is the highest common divisor of 10 and 535065?
5
What is the greatest common factor of 18912 and 2976?
96
What is the greatest common factor of 646 and 2242?
38
What is the greatest common factor of 841750 